emainder when 2129 is divided by 32?
17
Calculate the remainder when 4428 is divided by 144.
108
What is the remainder when 258 is divided by 26?
24
Calculate the remainder when 159 is divided by 70.
19
Calculate the remainder when 82 is divided by 43.
39
What is the remainder when 973 is divided by 299?
76
What is the remainder when 15 is divided by 9?
6
Calculate the remainder when 466 is divided by 48.
34
Calculate the remainder when 138 is divided by 27.
3
What is the remainder when 268 is divided by 15?
13
What is the remainder when 722 is divided by 10?
2
Calculate the remainder when 4207 is divided by 26.
21
What is the remainder when 18238 is divided by 190?
188
Calculate the remainder when 1529 is divided by 258.
239
What is the remainder when 130 is divided by 18?
4
Calculate the remainder when 96 is divided by 23.
4
What is the remainder when 16934 is divided by 116?
114
What is the remainder when 148 is divided by 12?
4
Calculate the remainder when 597 is divided by 69.
45
Calculate the remainder when 132 is divided by 94.
38
Calculate the remainder when 303 is divided by 270.
33
What is the remainder when 615 is divided by 39?
30
Calculate the remainder when 465 is divided by 33.
3
What is the remainder when 363 is divided by 93?
84
Calculate the remainder when 650 is divided by 120.
50
Calculate the remainder when 277 is divided by 96.
85
What is the remainder when 1307 is divided by 77?
75
What is the remainder when 236 is divided by 14?
12
What is the remainder when 80 is divided by 27?
26
Calculate the remainder when 145 is divided by 73.
72
Calculate the remainder when 1001 is divided by 201.
197
Calculate the remainder when 166 is divided by 87.
79
Calculate the remainder when 154 is divided by 21.
7
Calculate the remainder when 88 is divided by 5.
3
Calculate the remainder when 42 is divided by 27.
15
Calculate the remainder when 83 is divided by 32.
19
Calculate the remainder when 425 is divided by 99.
29
What is the remainder when 133 is divided by 79?
54
Calculate the remainder when 423 is divided by 119.
66
What is the remainder when 2772 is divided by 37?
34
Calculate the remainder when 54 is divided by 8.
6
What is the remainder when 755 is divided by 21?
20
Calculate the remainder when 747 is divided by 75.
72
Calculate the remainder when 756 is divided by 156.
132
Calculate the remainder when 22 is divided by 20.
2
Calculate the remainder when 143 is divided by 9.
8
What is the remainder when 412 is divided by 1?
0
What is the remainder when 1713 is divided by 4?
1
What is the remainder when 214 is divided by 7?
4
What is the remainder when 119 is divided by 11?
9
What is the remainder when 18457 is divided by 21?
19
What is the remainder when 445 is divided by 110?
5
What is the remainder when 188 is divided by 27?
26
Calculate the remainder when 101 is divided by 17.
16
What is the remainder when 35 is divided by 6?
5
What is the remainder when 2527 is divided by 26?
5
What is the remainder when 203 is divided by 12?
11
Calculate the remainder when 285 is divided by 77.
54
Calculate the remainder when 279 is divided by 141.
138
Calculate the remainder when 156 is divided by 32.
28
Calculate the remainder when 437 is divided by 49.
45
What is the remainder when 330 is divided by 17?
7
What is the remainder when 708 is divided by 42?
36
Calculate the remainder when 49 is divided by 17.
15
Calculate the remainder when 2735 is divided by 275.
260
What is the remainder when 17590 is divided by 6?
4
What is the remainder when 1475 is divided by 86?
13
What is the remainder when 1923 is divided by 13?
12
Calculate the remainder when 105 is divided by 31.
12
What is the remainder when 371 is divided by 187?
184
Calculate the remainder when 595 is divided by 79.
42
Calculate the remainder when 1853 is divided by 170.
153
What is the remainder when 1210 is divided by 69?
37
Calculate the remainder when 2285 is divided by 8.
5
Calculate the remainder when 12844 is divided by 11.
7
Calculate the remainder when 3589 is divided by 894.
13
Calculate the remainder when 1002 is divided by 53.
48
Calculate the remainder when 798 is divided by 47.
46
Calculate the remainder when 319 is divided by 279.
40
What is the remainder when 757 is divided by 20?
17
What is the remainder when 541 is divided by 46?
35
Calculate the remainder when 1039 is divided by 292.
163
Calculate the remainder when 289 is divided by 89.
22
Calculate the remainder when 56 is divided by 46.
10
Calculate the remainder when 26 is divided by 20.
6
What is the remainder when 308 is divided by 105?
98
What is the remainder when 458 is divided by 23?
21
What is the remainder when 175 is divided by 4?
3
What is the remainder when 1271 is divided by 7?
4
Calculate the remainder when 423 is divided by 17.
15
What is the remainder when 386 is divided by 13?
9
What is the remainder when 2306 is divided by 77?
73
What is the remainder when 15 is divided by 10?
5
What is the remainder when 5511 is divided by 62?
55
What is the remainder when 244 is divided by 40?
4
Calculate the remainder when 283 is divided by 59.
47
Calculate the remainder when 809 is divided by 27.
26
What is the remainder when 125 is divided by 23?
10
What is the remainder when 28 is divided by 13?
2
What is the remainder when 12 is divided by 4?
0
What is the remainder when 45 is divided by 40?
5
What is the remainder when 1108 is divided by 56?
44
What is the remainder when 13887 is divided by 10?
7
Calculate the remainder when 232 is divided by 17.
11
What is the remainder when 198 is divided by 25?
23
Calculate the remainder when 753 is divided by 190.
183
What is the remainder when 611 is divided by 44?
39
Calculate the remainder when 152 is divided by 31.
28
Calculate the remainder when 13523 is divided by 49.
48
What is the remainder when 327 is divided by 90?
57
What is the remainder when 2019 is divided by 46?
41
Calculate the remainder when 450 is divided by 51.
42
Calculate the remainder when 220 is divided by 28.
24
What is the remainder when 23719 is divided by 29?
26
Calculate the remainder when 56 is divided by 10.
6
Calculate the remainder when 26 is divided by 9.
8
Calculate the remainder when 119 is divided by 42.
35
Calculate the remainder when 425 is divided by 61.
59
Calculate the remainder when 1530 is divided by 29.
22
Calculate the remainder when 556 is divided by 141.
133
What is the remainder when 474 is divided by 19?
18
What is the remainder when 385 is divided by 21?
7
Calculate the remainder when 308 is divided by 16.
4
Calculate the remainder when 64 is divided by 48.
16
Calculate the remainder when 3187 is divided by 634.
17
Calculate the remainder when 328 is divided by 96.
40
What is the remainder when 153 is divided by 14?
13
Calculate the remainder when 11109 is divided by 110.
109
What is the remainder when 1220 is divided by 15?
5
What is the remainder when 2399 is divided by 96?
95
Calculate the remainder when 146 is divided by 56.
34
Calculate the remainder when 77 is divided by 19.
1
Calculate the remainder when 1497 is divided by 152.
129
Calculate the remainder when 671 is divided by 75.
71
Calculate the remainder when 376 is divided by 98.
82
What is the remainder when 890 is divided by 23?
16
What is the remainder when 183 is divided by 32?
23
Calculate the remainder when 2510 is divided by 624.
14
Calculate the remainder when 1005 is divided by 55.
15
What is the remainder when 5 is divided by 2?
1
What is the remainder when 62 is divided by 46?
16
Calculate the remainder when 944 is divided by 45.
44
What is the remainder when 668 is divided by 97?
86
What is the remainder when 49 is divided by 22?
5
Calculate the remainder when 82 is divided by 40.
2
What is the remainder when 441 is divided by 134?
39
What is the remainder when 622 is divided by 209?
204
What is the remainder when 610 is divided by 157?
139
What is the remainder when 271 is divided by 55?
51
What is the remainder when 187 is divided by 62?
1
What is the remainder when 694 is divided by 333?
28
What is the remainder when 288 is divided by 151?
137
Calculate the remainder when 3608 is divided by 60.
8
What is the remainder when 596 is divided by 195?
11
Calculate the remainder when 2